3343683?
True
Is 76 a factor of 44655823?
False
Is 1282 a factor of 156497362?
False
Is 278113063 a multiple of 4743?
False
Does 42 divide 29307138?
True
Is 276844891 a multiple of 6?
False
Does 4257 divide 52486062?
False
Is 122174443 a multiple of 24?
False
Is 22743690 a multiple of 3?
True
Is 45 a factor of 309642388?
False
Is 64014000 a multiple of 200?
True
Is 1535585847 a multiple of 855?
False
Does 164 divide 45494256?
True
Is 165320143 a multiple of 170?
False
Does 6 divide 267139247?
False
Is 436854978 a multiple of 42?
True
Is 4825 a factor of 142376100?
True
Is 2 a factor of 21438955?
False
Is 3 a factor of 45817804?
False
Does 16 divide 649923904?
True
Is 324404301 a multiple of 66?
False
Does 677 divide 381595312?
False
Is 72 a factor of 58917456?
True
Does 2710 divide 14216316?
False
Is 1367957200 a multiple of 5?
True
Does 678 divide 321427596?
True
Is 383671385 a multiple of 22?
False
Is 24 a factor of 446860637?
False
Is 32 a factor of 5273717?
False
Is 123628923 a multiple of 2187?
True
Is 17057120 a multiple of 17?
True
Is 264150317 a multiple of 71?
True
Is 2043 a factor of 238865418?
False
Does 166 divide 76324392?
False
Does 21 divide 86803647?
True
Is 63688102 a multiple of 397?
False
Is 782 a factor of 5159429?
False
Is 108527596 a multiple of 18?
False
Is 70 a factor of 7034691?
False
Is 460 a factor of 81522120?
True
Is 51 a factor of 13482105?
True
Is 307750350 a multiple of 30?
True
Does 600 divide 1155792851?
False
Is 97 a factor of 104166360?
True
Is 13 a factor of 14278056?
True
Is 8381823 a multiple of 201?
False
Is 1532 a factor of 1987524880?
True
Is 7 a factor of 8562503?
False
Is 138673072 a multiple of 5911?
False
Is 54037085 a multiple of 3093?
False
Does 1037 divide 71287776?
False
Is 2 a factor of 12088042?
True
Is 192 a factor of 125549376?
True
Is 442882 a multiple of 3?
False
Is 3119 a factor of 1454852513?
False
Is 10 a factor of 688911425?
False
Is 27 a factor of 30832866?
True
Does 925 divide 186246900?
True
Does 57 divide 963325650?
True
Is 262 a factor of 967060078?
True
Does 4209 divide 1416227484?
True
Does 202 divide 26570070?
True
Is 1921 a factor of 141203273?
False
Does 141 divide 211288884?
False
Does 2792 divide 566751767?
False
Is 211 a factor of 61211811?
False
Is 79 a factor of 322353259?
True
Is 19653139 a multiple of 652?
False
Is 325 a factor of 54452638?
False
Is 6 a factor of 14776948?
False
Is 540 a factor of 29033305?
False
Is 19574119 a multiple of 139?
True
Is 3066039420 a multiple of 25?
False
Is 2 a factor of 33408391?
False
Does 512 divide 26384384?
True
Is 60 a factor of 51813120?
True
Does 3 divide 3348771?
True
Is 53190640 a multiple of 9080?
True
Is 40090880 a multiple of 10?
True
Is 822 a factor of 23506890?
False
Is 39 a factor of 764529168?
True
Does 26 divide 38683294?
True
Is 70909369 a multiple of 7?
False
Does 2151 divide 20257885?
False
Is 456406515 a multiple of 24?
False
Is 588 a factor of 240174389?
False
Is 196642879 a multiple of 26?
False
Does 358 divide 4438262826?
False
Is 356535070 a multiple of 10?
True
Does 3129 divide 50202712?
False
Is 252946633 a multiple of 451?
False
Is 168 a factor of 2053005?
False
Is 10345541 a multiple of 58?
False
Does 98 divide 12628131?
False
Is 527331405 a multiple of 29?
False
Is 1023 a factor of 1426886339?
False
Does 52 divide 4840813?
False
Does 1271 divide 35623698?
False
Is 2486 a factor of 575952508?
False
Is 2000514 even?
True
Does 7 divide 478915452?
False
Does 143 divide 1337919583?
True
Is 761 a factor of 2177776314?
False
Is 13 a factor of 53240551?
True
Does 391 divide 35134731?
False
Is 310 a factor of 145779314?
False
Is 113449634 a multiple of 13?
False
Does 276 divide 1974038?
False
Is 1565 a factor of 21870875?
True
Does 14 divide 5007748742?
False
Is 1145112478 a multiple of 298?
False
Is 575722041 a multiple of 123?
True
Is 867 a factor of 349262056?
False
Is 1063107716 a multiple of 4957?
False
Does 902 divide 320465266?
True
Is 565 a factor of 77547380?
True
Is 4 a factor of 15791829?
False
Is 66516025 a multiple of 10?
False
Does 15 divide 779596962?
False
Is 16010368 a multiple of 548?
True
Is 39 a factor of 16153098?
True
Is 22 a factor of 16859810?
True
Is 8981685 a multiple of 192?
False
Does 18 divide 38523238?
False
Is 3107600496 a multiple of 9009?
True
Is 270 a factor of 233569026?
False
Does 1527 divide 1001576204?
False
Is 753046 a multiple of 521?
False
Is 251537612 a multiple of 1588?
True
Is 57013746 a multiple of 849?
True
Is 13524274 a multiple of 2?
True
Is 458578984 a multiple of 1784?
True
Is 5075 a factor of 297245782?
False
Is 5 a factor of 46301444?
False
Is 470 a factor of 270811475?
False
Is 314 a factor of 2849576466?
False
Is 8619 a factor of 1351202278?
False
Is 49603008 a multiple of 2004?
True
Does 920 divide 712732280?
True
Is 451 a factor of 1417429409?
True
Is 201 a factor of 20309771?
False
Is 354 a factor of 214948668?
False
Is 1076292 a multiple of 84?
True
Does 2075 divide 324977986?
False
Is 39889824 a multiple of 291?
False
Is 7 a factor of 164365650?
False
Is 1490 a factor of 125937067?
False
Is 28 a factor of 24256599?
False
Does 24 divide 36818108?
False
Does 919 divide 1854473075?
True
Is 13 a factor of 8075863?
False
Is 5536 a factor of 35381398?
False
Does 56 divide 7657982?
False
Is 167939379 a multiple of 593?
True
Is 37 a factor of 1063980991?
True
Is 195 a factor of 3681611505?
True
Is 4169 a factor of 36749208?
False
Is 14029430 a multiple of 42?
False
Does 5 divide 189638361?
False
Is 1072473908 a multiple of 157?
True
Does 19 divide 470288?
True
Is 54269320 a multiple of 266?
True
Is 256 a factor of 716105728?
True
Is 650 a factor of 19359600?
True
Is 495759374 a multiple of 8399?
True
Does 325 divide 79288625?
True
Is 16 a factor of 12484604?
False
Is 1207824887 a multiple of 43?
False
Is 330376908 a multiple of 94?
False
Does 197 divide 1348175410?
True
Is 38 a factor of 11577156?
True
Is 1196455656 a multiple of 2453?
True
Is 18209952 a multiple of 33?
False
Does 48 divide 20037490?
False
Is 225526840 a multiple of 140?
True
Is 9447468 a multiple of 12?
True
Is 50941680 a multiple of 620?
True
Is 3361832960 a multiple of 9088?
True
Is 432031050 a multiple of 270?
True
Does 44 divide 158503868?
False
Is 140021438 a multiple of 18?
False
Is 5094473 a multiple of 35?
False
Is 14 a factor of 98461776?
True
Is 28 a factor of 43147440?
True
Is 11 a factor of 1134081333?
True
Is 137016045 a multiple of 705?
True
Is 106 a factor of 35905910?
True
Is 69892133 a multiple of 19?
False
Is 14 a factor of 67067947?
False
Is 369 a factor of 8888341?
False
Is 2319 a factor of 282603535?
False
Is 14 a factor of 4516605896?
False
Is 4250518 a multiple of 34?
False
Is 411796911 a multiple of 1212?
False
Is 128599822 a multiple of 26?
True
Is 46725880 a multiple of 5?
True
Is 1087144485 a multiple of 15?
True
Is 45395569 a multiple of 21?
False
Is 2424 a factor of 1605230976?
True
Does 101 divide 24480986?
True
Does 8 divide 101797240?
True
Does 18 divide 34354569?
False
Is 630916 a multiple of 286?
True
Does 1362 divide 156157386?
True
Is 203714374 a multiple of 118?
True
Is 860476056 a multiple of 11?
True
Is 2393 a factor of 1090768819?
False
Does 33 divide 35073687?
True
Is 1297 a factor of 440642596?
False
Is 5238 a factor of 1836935172?
True
Is 249 a factor of 256016575?
False
Is 4961541841 a multiple of 10222?
False
Is 26 a factor of 11061394?
False
Is 8736563 a multiple of 20?
False
Is 126 a factor of 64170044?
False
Is 151658822 a multiple of 49?
True
Is 49 a factor of 143766196?
True
Is 49 a factor of 25771800?
False
Does 3 divide 857612?
False
Is 2 a factor of 2159256?
True
Is 60 a factor of 508396988?
False
Does 424 divide 923689088?
True
Does 120 divide 129526680?
True
Does 3 divide 24621117?
True
Is 803 a factor of 18719536?
True
Does 429 divide 583485884?
False
Is 128874180 a multiple of 1085?
False
Is 33679674 a multiple of 599?
False
Does 1213 divide 2397857241?
False
Does 1849 divide 36608351?
True
Is 12 a factor of 1877635536?
True
Is 5 a factor of 17662960?
True
Is 31 a factor of 33204997?
False
Is 87049111 a multiple of 2834?
False
Is 3436614 a multiple of 61?
False
Is 162999513 a multiple of 1623?
True
Is 168477801 a multiple of 15?
False
I